{"version":"1.0","provider_name":"Chair in Defence Economics - IHEDN","provider_url":"https:\/\/ecodef-ihedn.fr\/en","title":"Autonomie strat\u00e9gique : Comment appr\u00e9hender la dimension technologique ? - Chaire \u00c9conomie de d\u00e9fense - IHEDN","type":"rich","width":600,"height":338,"html":"<blockquote class=\"wp-embedded-content\" data-secret=\"k0SVHNirDS\"><a href=\"https:\/\/ecodef-ihedn.fr\/en\/autonomie-strategique-comment-apprehender-la-dimension-technologique\/\">Strategic autonomy: how do we deal with the technological dimension?<\/a><\/blockquote><iframe sandbox=\"allow-scripts\" security=\"restricted\" src=\"https:\/\/ecodef-ihedn.fr\/en\/autonomie-strategique-comment-apprehender-la-dimension-technologique\/embed\/#?secret=k0SVHNirDS\" width=\"600\" height=\"338\" title=\"&#8220;Autonomie strat\u00e9gique : Comment appr\u00e9hender la dimension technologique ?&#8221; &#8212; Chaire \u00c9conomie de d\u00e9fense - IHEDN\" data-secret=\"k0SVHNirDS\" frameborder=\"0\" marginwidth=\"0\" marginheight=\"0\" scrolling=\"no\" class=\"wp-embedded-content\"><\/iframe><script type=\"text\/javascript\">\n\/* <![CDATA[ *\/\n\/*! This file is auto-generated *\/\n!function(d,l){\"use strict\";l.querySelector&&d.addEventListener&&\"undefined\"!=typeof URL&&(d.wp=d.wp||{},d.wp.receiveEmbedMessage||(d.wp.receiveEmbedMessage=function(e){var t=e.data;if((t||t.secret||t.message||t.value)&&!\/[^a-zA-Z0-9]\/.test(t.secret)){for(var s,r,n,a=l.querySelectorAll('iframe[data-secret=\"'+t.secret+'\"]'),o=l.querySelectorAll('blockquote[data-secret=\"'+t.secret+'\"]'),c=new RegExp(\"^https?:$\",\"i\"),i=0;i<o.length;i++)o[i].style.display=\"none\";for(i=0;i<a.length;i++)s=a[i],e.source===s.contentWindow&&(s.removeAttribute(\"style\"),\"height\"===t.message?(1e3<(r=parseInt(t.value,10))?r=1e3:~~r<200&&(r=200),s.height=r):\"link\"===t.message&&(r=new URL(s.getAttribute(\"src\")),n=new URL(t.value),c.test(n.protocol))&&n.host===r.host&&l.activeElement===s&&(d.top.location.href=t.value))}},d.addEventListener(\"message\",d.wp.receiveEmbedMessage,!1),l.addEventListener(\"DOMContentLoaded\",function(){for(var e,t,s=l.querySelectorAll(\"iframe.wp-embedded-content\"),r=0;r<s.length;r++)(t=(e=s[r]).getAttribute(\"data-secret\"))||(t=Math.random().toString(36).substring(2,12),e.src+=\"#?secret=\"+t,e.setAttribute(\"data-secret\",t)),e.contentWindow.postMessage({message:\"ready\",secret:t},\"*\")},!1)))}(window,document);\n\/\/# sourceURL=https:\/\/ecodef-ihedn.fr\/wp-includes\/js\/wp-embed.min.js\n\/* ]]> *\/\n<\/script>","thumbnail_url":"https:\/\/ecodef-ihedn.fr\/wp-content\/uploads\/2020\/02\/saf2016_0203747-1-1024x682-1.jpg","thumbnail_width":1024,"thumbnail_height":682,"description":"Par Fran\u00e7ois-Xavier Meunier, chercheur \u00e0 la Chaire \u00c9conomie de D\u00e9fense \u2013 IHEDN La crise du Covid-19 met en \u00e9vidence le manque d\u2019autonomie des \u00c9tats dans la production de certains biens essentiels du domaine m\u00e9dical, et nous l\u2019avons mesur\u00e9 \u00e0 tr\u00e8s court terme avec une p\u00e9nurie de masques, de respirateurs et de certains m\u00e9dicaments. Ce m\u00eame [&hellip;]"}

Autonomie stratégique : Comment appréhender la dimension technologique ? - Chaire Économie de défense - IHEDN

<blockquote class="wp-embedded-content" data-secret="k0SVHNirDS"><a href="https://ecodef-ihedn.fr/en/autonomie-strategique-comment-apprehender-la-dimension-technologique/">Strategic autonomy: how do we deal with the technological dimension?</a></blockquote><iframe sandbox="allow-scripts" security="restricted" src="https://ecodef-ihedn.fr/en/autonomie-strategique-comment-apprehender-la-dimension-technologique/embed/#?secret=k0SVHNirDS" width="600" height="338" title="&#8220;Autonomie stratégique : Comment appréhender la dimension technologique ?&#8221; &#8212; Chaire Économie de défense - IHEDN" data-secret="k0SVHNirDS" frameborder="0" marginwidth="0" marginheight="0" scrolling="no" class="wp-embedded-content"></iframe><script type="text/javascript">
/* <![CDATA[ */
/*! This file is auto-generated */
!function(d,l){"use strict";l.querySelector&&d.addEventListener&&"undefined"!=typeof URL&&(d.wp=d.wp||{},d.wp.receiveEmbedMessage||(d.wp.receiveEmbedMessage=function(e){var t=e.data;if((t||t.secret||t.message||t.value)&&!/[^a-zA-Z0-9]/.test(t.secret)){for(var s,r,n,a=l.querySelectorAll('iframe[data-secret="'+t.secret+'"]'),o=l.querySelectorAll('blockquote[data-secret="'+t.secret+'"]'),c=new RegExp("^https?:$","i"),i=0;i<o.length;i++)o[i].style.display="none";for(i=0;i<a.length;i++)s=a[i],e.source===s.contentWindow&&(s.removeAttribute("style"),"height"===t.message?(1e3<(r=parseInt(t.value,10))?r=1e3:~~r<200&&(r=200),s.height=r):"link"===t.message&&(r=new URL(s.getAttribute("src")),n=new URL(t.value),c.test(n.protocol))&&n.host===r.host&&l.activeElement===s&&(d.top.location.href=t.value))}},d.addEventListener("message",d.wp.receiveEmbedMessage,!1),l.addEventListener("DOMContentLoaded",function(){for(var e,t,s=l.querySelectorAll("iframe.wp-embedded-content"),r=0;r<s.length;r++)(t=(e=s[r]).getAttribute("data-secret"))||(t=Math.random().toString(36).substring(2,12),e.src+="#?secret="+t,e.setAttribute("data-secret",t)),e.contentWindow.postMessage({message:"ready",secret:t},"*")},!1)))}(window,document);
//# sourceURL=https://ecodef-ihedn.fr/wp-includes/js/wp-embed.min.js
/* ]]> */
</script>

Par François-Xavier Meunier, chercheur à la Chaire Économie de Défense – IHEDN La crise du Covid-19 met en évidence le manque d’autonomie des États dans la production de certains biens essentiels du domaine médical, et nous l’avons mesuré à très court terme avec une pénurie de masques, de respirateurs et de certains médicaments. Ce même [&hellip;]
